51, 4*m - 78 - n = -5*q. What is the remainder when q is divided by 10?
9
Let q = -32 + 80. Let a = q + -2. Calculate the remainder when a is divided by 24.
22
Let h(k) be the second derivative of -k**3/3 + 29*k**2/2 + 6*k. Let u = 5 - 0. What is the remainder when u is divided by h(13)?
2
Let k(z) = 13*z**3 + z**2. Suppose 0 = 4*o + 3 - 11. Suppose -o = -3*w + 1. What is the remainder when k(w) is divided by 5?
4
Let g = 22 - 5. What is the remainder when 31 is divided by g?
14
Suppose -3 - 22 = -5*w. Suppose -w*j + 60 = -0*j. What is the remainder when j is divided by 5?
2
Suppose 0 = -4*r - 4, -3*k - 1 - 23 = -3*r. Let h be (-42)/k*(3 + 0). Suppose -z - 1 = -h. Calculate the remainder when z is divided by 7.
6
Let h(g) = 14*g - 6. Let z be h(6). Suppose -x + 53 = 4*b - z, -3*x = 3. Suppose -2*r + b = 5. What is the remainder when r is divided by 5?
4
Suppose o = l - 78, 3*l - 2*o - 269 = -6*o. Calculate the remainder when l is divided by 43.
40
Let j = 0 - -2. Calculate the remainder when (j/(-1))/(-1) - -12 is divided by 8.
6
Let f(l) be the second derivative of l**3/6 + 5*l**2 + 4*l. Calculate the remainder when f(7) is divided by 9.
8
Let h(k) = 4*k + 10. Calculate the remainder when 55 is divided by h(5).
25
Let m(i) = -5*i - 6. Let h(l) = 9*l + 12. Let n(v) = 6*h(v) + 11*m(v). Suppose 0 - 3 = -f. Calculate the remainder when n(0) is divided by f.
0
Suppose y + 0 = -7. Let m = -7 + y. Let x = m + 21. What is the remainder when x is divided by 3?
1
Let p(h) = -h**3 - 15*h**2 + 19*h + 54. Suppose 11 = -0*i + i. What is the remainder when i is divided by p(-16)?
5
Suppose 4*z - 6*z + 4 = 0. Suppose z*k = 6 + 20. What is the remainder when k is divided by 4?
1
Suppose u + 2*u + 6 = 0, 3*u - 10 = -4*m. What is the remainder when (-2)/(1/(26/(-4))) is divided by m?
1
Let o(t) = -14*t - 1. Suppose 4*k = 5*k + 2. Let j(r) = 8*r**2 - r. What is the remainder when o(k) is divided by j(1)?
6
Let q(y) = -y**3 - 3*y**2 - 5*y - 3. Let l = 2 - 5. What is the remainder when 34 is divided by q(l)?
10
Suppose -4*z - 49 = 3*d + 43, 0 = 2*d + 8. Let a be 1/(-3) - z/(-3). What is the remainder when 10 is divided by 30/7 - (-2)/a?
2
Suppose -x - x + 14 = 0. Let v(w) = w**2 - 8*w + 7. Let d be v(7). Let t = x + d. Calculate the remainder when 20 is divided by t.
6
Let l(y) = y**3 - 11*y**2 - y + 14. Let i be l(11). Suppose 4*u + 10 = p - 18, 5*p - 71 = -i*u. What is the remainder when 46 is divided by p?
14
Let b(l) = 211*l**2 - l + 1. Suppose 0 = 4*o + o - 5. Let q be b(o). Suppose 5*m - 54 = q. What is the remainder when m is divided by 18?
17
Let q(v) = v**2 + 14*v + 10. Calculate the remainder when 38 is divided by q(-14).
8
Suppose 6 = 3*m, m + m = -5*w - 6. Let t(u) = 2*u**2 - 1. Let o(q) = -q**2 + q + 1. Let c(r) = o(r) + t(r). Calculate the remainder when 5 is divided by c(w).
1
Suppose 67*z + 56 = 71*z. Calculate the remainder when (-2)/(2*(-1)/53) is divided by z.
11
Suppose -5*s - 435 = -5*a - 0*a, 4*a - 369 = -3*s. Suppose -3*l = -15 - 54. What is the remainder when a is divided by l?
21
Let q = 523 + -203. Suppose 0 = -5*x - 6*m + m + q, 135 = 2*x - 5*m. Let h = x - 30. Calculate the remainder when h is divided by 12.
11
Let t(m) = 11*m - 2. What is the remainder when 158 is divided by t(2)?
18
Let t = -14 + 48. Suppose 5 = 5*f - 3*q - 1, -2*q = 2*f - 12. Suppose -2*m = -f*m - d + 18, 5*d + 54 = 3*m. Calculate the remainder when t is divided by m.
16
Let n = -10 + 20. Let v(g) = 4*g**2 + g - 24. Let y(t) = -5*t**2 - t + 23. Let p(i) = -6*v(i) - 5*y(i). Calculate the remainder when p(0) is divided by n.
9
Suppose 2*w = 2*i + 3 - 1, -2*i = -w. What is the remainder when 43 is divided by (-11)/((i - 3) + 1)?
10
Suppose -4*i - 9 = -7*i. Suppose 3*v + h - 127 = 0, -34 - 73 = -i*v + 4*h. Calculate the remainder when v is divided by 14.
13
Suppose 0 = 3*r + 3*u - 102, 86 = 5*r + u - 100. Let p = -8 + r. Calculate the remainder when 88 is divided by p.
28
Let w = 6 + -34. Let a be 2/7 - 160/w. Calculate the remainder when 61 is divided by 2*(315/a)/5.
19
Let y(b) = -b + 4. Calculate the remainder when 50 is divided by y(-13).
16
Let r(l) = -3*l - 7. Let j be r(-6). Suppose 0 = -2*s + s + j. Suppose -5*d + 14 = -s. What is the remainder when 18 is divided by d?
3
Let a = -30 - -34. Suppose 0*m + 4*m = -3*j + 43, -a*m = j - 17. Let r(v) = -v**3 - 4*v**2 + 8*v. Calculate the remainder when r(-6) is divided by j.
11
Calculate the remainder when (8/8)/((-2)/(-10)) is divided by 4.
1
Suppose -3*u = -7 - 113. What is the remainder when 79 is divided by u?
39
Suppose -39 = -3*d - 3*n, -5 = 4*n + 11. What is the remainder when 18 is divided by (-1)/(-2)*(d + -3)?
4
Let l(y) = y**2 + 2*y + 2. Let s be l(-2). Suppose i = s*i - 22. Let q = -16 - -28. What is the remainder when i is divided by q?
10
Suppose -3*y - 25 = 2*y, 0 = 5*b - 4*y + 60. Let o = b + 66. Calculate the remainder when o is divided by 13.
11
Suppose 2*i = -12*i + 280. Let h = 44 + 33. What is the remainder when h is divided by i?
17
Let l = -6 + 8. Let o = 7 + l. Calculate the remainder when 15 is divided by o.
6
Let i = -58 + -5. Let y = i + 44. Calculate the remainder when 3 + -3 - y/1 is divided by 7.
5
Let f = -1 - -3. Let s be 7/((-7)/4 + f). Suppose s = h - 4*u, h - 4*h + 44 = -4*u. What is the remainder when 14 is divided by h?
6
Suppose 2*q = 1 + 5. Suppose 3*z - q = 6. Suppose z*x - 32 = 25. What is the remainder when x is divided by 7?
5
Suppose -3*m - 18 = -0*m. Calculate the remainder when -70*-3*(-2)/(-15) is divided by (-58)/m + 2/6.
8
Let p be 3/4*1*-4. Suppose 180 = 5*j - 5. Calculate the remainder when j is divided by (26/(-8))/(p/12).
11
Let d = 7 - 3. Suppose g + q + 4*q = 16, 0 = -d*g + q + 106. What is the remainder when g is divided by 7?
5
Let i(l) = -16*l. Let r be i(1). Suppose -v + 4 = v. Calculate the remainder when 23 is divided by (-2)/(v*2/r).
7
Suppose 4*q - 2*u - 98 = 0, 142 = 5*q - 4*u + 21. Let j(p) = 7*p - 6. Calculate the remainder when q is divided by j(3).
10
Let v = -14 + 26. What is the remainder when 46 is divided by v?
10
Let o(r) = r**2 + 3*r + 4. Let l be o(3). Let g = l + -9. What is the remainder when 36 is divided by g?
10
Let q be (-2)/6*(-30)/2. Suppose q*a = -3*t + 223, 5*a = 4*t + 153 + 98. What is the remainder when a is divided by ((-8)/(-10))/(4/80)?
15
Suppose 3*r + r - 88 = 0. Suppose 0 - r = -2*v. What is the remainder when 32 is divided by v?
10
Let k = 8 + 17. Calculate the remainder when k is divided by 13.
12
Let v(s) = s**3 + 5*s**2 - 5*s + 1. Let u be ((-18)/15)/((-6)/(-20)). Calculate the remainder when v(u) is divided by (-54)/(-4) - 1/2.
11
Suppose 4*j + 2*f - 305 + 81 = 0, 0 = -2*j + 4*f + 102. What is the remainder when j is divided by 19?
17
Let y(i) = -i**3 + i**2 + 4. Let h be (3 - 3)/(2 - 1). Let f be y(h). Suppose 2*b - 8 = f*g, g + 1 = 2. What is the remainder when 17 is divided by b?
5
Suppose -3*v = 0, -5*v - 42 = l - 2*l. Calculate the remainder when l is divided by 15.
12
Suppose -3*b = -0*p + 5*p - 19, 5*b + 5 = -p. Calculate the remainder when 19 is divided by p.
4
Let c(y) = 17*y**3 + 8*y**3 + 0 + 2*y - 1 - 2*y**2. What is the remainder when c(1) is divided by 9?
6
Let j = 2 - -2. Let w = 4 + -1. What is the remainder when j is divided by w?
1
Suppose -2*h = -3*h. Suppose -2*v + 12 + 14 = h. Calculate the remainder when v is divided by 4.
1
What is the remainder when ((-32)/(-6))/(2/24) is divided by 11?
9
Let y(l) = -l**3 + 7*l**2 - 7*l + 7. Let n be y(6). Suppose -o + 14 = -n. What is the remainder when 59 is divided by o?
14
Let j(g) = -3 + 13*g**2 + 3. What is the remainder when (-294)/12*2*-1 is divided by j(-1)?
10
Let x = -56 - -87. What is the remainder when 55 is divided by x?
24
Suppose -26 = 3*b - 2. What is the remainder when 5 is divided by (-24)/(-11) + b/44?
1
Suppose 4*d - 5*w - 31 = 0, 4*d - 3 = -3*w + 4. Suppose -3*r = -2*r - d. Suppose -11*v = 9 - 130. What is the remainder when v is divided by r?
3
Let j = 17 - -8. Let o = -8 + j. Suppose 0 = -2*v + v - 5*q + 52, -2*v - q + 68 = 0. Calculate the remainder when v is divided by o.
15
Suppose 0 = -z - 21 - 9. Calculate the remainder when 28 is divided by (z/2)/(-1 + 0).
13
Let i(x) = 22*x + 2. Let v be i(-2). Let a = v - -71. Calculate the remaind